 91?
7
Calculate the greatest common divisor of 8 and 8.
8
Calculate the greatest common factor of 11 and 28963.
11
Calculate the greatest common factor of 6 and 6.
6
Calculate the greatest common divisor of 3363 and 57.
57
Calculate the greatest common divisor of 69 and 20562.
69
What is the highest common divisor of 2329 and 1233?
137
What is the greatest common divisor of 336 and 21?
21
Calculate the highest common divisor of 847 and 21.
7
Calculate the highest common divisor of 399 and 105.
21
Calculate the greatest common divisor of 1826 and 308.
22
What is the greatest common divisor of 1261 and 291?
97
What is the greatest common divisor of 48 and 3504?
48
What is the highest common factor of 23 and 621?
23
What is the greatest common factor of 11 and 682?
11
Calculate the greatest common divisor of 12879 and 27.
27
Calculate the greatest common factor of 70 and 9345.
35
Calculate the greatest common factor of 1617 and 63.
21
What is the highest common factor of 92 and 9062?
46
What is the highest common divisor of 15120 and 24?
24
What is the highest common factor of 858 and 1254?
66
What is the highest common factor of 85 and 45?
5
Calculate the greatest common factor of 880 and 4.
4
Calculate the greatest common factor of 59 and 118.
59
What is the greatest common divisor of 60 and 380?
20
What is the highest common divisor of 621 and 18?
9
What is the highest common divisor of 9 and 27?
9
Calculate the highest common factor of 1798 and 62.
62
What is the greatest common factor of 9 and 1383?
3
Calculate the greatest common divisor of 44 and 198.
22
Calculate the highest common divisor of 2162 and 282.
94
What is the greatest common factor of 45 and 108?
9
Calculate the highest common factor of 792 and 216.
72
What is the greatest common factor of 1269 and 94?
47
What is the greatest common divisor of 18 and 162?
18
What is the highest common divisor of 28 and 266?
14
What is the highest common divisor of 91 and 104?
13
What is the greatest common divisor of 176 and 1430?
22
What is the highest common factor of 93 and 2325?
93
Calculate the greatest common factor of 76 and 19.
19
What is the highest common factor of 54 and 3321?
27
Calculate the greatest common divisor of 525 and 7.
7
What is the highest common factor of 7 and 128?
1
Calculate the greatest common factor of 103 and 74881.
103
Calculate the highest common divisor of 91 and 247.
13
What is the greatest common factor of 36926 and 74?
74
What is the greatest common factor of 6012 and 36?
36
Calculate the greatest common divisor of 76 and 20.
4
What is the highest common factor of 20 and 710?
10
Calculate the highest common divisor of 19988 and 1315.
263
What is the greatest common divisor of 1245 and 45?
15
Calculate the highest common factor of 16528 and 16.
16
What is the greatest common factor of 1221 and 165?
33
What is the highest common divisor of 13695 and 66?
33
What is the greatest common divisor of 2085 and 375?
15
What is the highest common divisor of 6731 and 53?
53
What is the highest common factor of 17536 and 822?
274
What is the greatest common divisor of 21079 and 985?
197
Calculate the greatest common factor of 676 and 260.
52
Calculate the greatest common divisor of 2 and 17.
1
Calculate the highest common factor of 148 and 5254.
74
What is the greatest common factor of 6 and 5514?
6
Calculate the greatest common divisor of 444 and 12.
12
What is the highest common factor of 10237 and 29?
29
What is the highest common factor of 161 and 575?
23
What is the highest common factor of 306 and 54?
18
Calculate the greatest common factor of 1133 and 77.
11
Calculate the greatest common factor of 104 and 27352.
104
Calculate the greatest common factor of 2106 and 126.
18
What is the greatest common divisor of 627 and 429?
33
Calculate the highest common divisor of 9 and 8.
1
What is the greatest common divisor of 24 and 1308?
12
What is the greatest common factor of 21 and 4935?
21
What is the highest common divisor of 70 and 410?
10
What is the greatest common factor of 8083 and 822?
137
What is the greatest common factor of 1728 and 135?
27
Calculate the highest common factor of 26 and 4368.
26
Calculate the greatest common factor of 435 and 255.
15
What is the highest common divisor of 8632 and 52?
52
Calculate the greatest common factor of 11 and 1342.
11
Calculate the greatest common divisor of 17 and 833.
17
Calculate the highest common divisor of 2236 and 52.
52
Calculate the greatest common factor of 182 and 26.
26
Calculate the highest common factor of 2014 and 106.
106
Calculate the highest common divisor of 92 and 32.
4
Calculate the highest common factor of 2208 and 161.
23
What is the greatest common divisor of 28 and 24836?
28
What is the greatest common factor of 7 and 1?
1
Calculate the greatest common factor of 30 and 18.
6
What is the highest common factor of 24 and 16164?
12
Calculate the greatest common divisor of 1701 and 21.
21
Calculate the greatest common factor of 145 and 15.
5
Calculate the highest common factor of 19261 and 561.
187
Calculate the greatest common divisor of 12591 and 18.
9
What is the greatest common divisor of 390 and 60?
30
Calculate the greatest common factor of 1014 and 39.
39
What is the highest common divisor of 2261 and 1463?
133
Calculate the greatest common divisor of 44 and 462.
22
What is the highest common factor of 62 and 4?
2
Calculate the highest common factor of 2639 and 182.
91
Calculate the highest common divisor of 39 and 1599.
39
What is the highest common factor of 9 and 96?
3
What is the greatest common factor of 171 and 266?
19
Calculate the highest common divisor of 54 and 6.
6
Calculate the highest common divisor of 77 and 451.
11
What is the highest common divisor of 209 and 22?
11
What is the greatest common factor of 38 and 950?
38
Calculate the greatest common factor of 1472 and 64.
64
Calculate the greatest common factor of 224 and 952.
56
Calculate the highest common factor of 1295 and 74.
37
What is the greatest common divisor of 451 and 44?
11
Calculate the highest common factor of 60 and 70.
10
Calculate the highest common factor of 441 and 9.
9
Calculate the highest common factor of 55128 and 8.
8
What is the greatest common divisor of 6 and 6?
6
What is the highest common divisor of 30 and 570?
30
Calculate the greatest common divisor of 32 and 608.
32
Calculate the highest common divisor of 38 and 39539.
19
Calculate the highest common divisor of 2336 and 73.
73
What is the highest common factor of 2620 and 80?
20
What is the highest common factor of 4374 and 18?
18
What is the greatest common divisor of 20 and 10804?
4
Calculate the greatest common divisor of 25036 and 88.
44
Calculate the greatest common factor of 1692 and 54.
18
Calculate the highest common divisor of 11084 and 170.
34
Calculate the highest common factor of 288 and 18.
18
What is the greatest common divisor of 629 and 37?
37
What is the greatest common divisor of 28 and 154?
14
What is the highest common divisor of 8 and 6?
2
Calculate the highest common factor of 318 and 742.
106
Calculate the greatest common divisor of 540 and 1305.
45
Calculate the greatest common divisor of 952 and 2584.
136
What is the greatest common divisor of 897 and 117?
39
Calculate the greatest common factor of 130 and 208.
26
Calculate the highest common divisor of 426 and 355.
71
Calculate the highest common factor of 817 and 1159.
19
What is the highest common factor of 126 and 217?
7
What is the highest common factor of 486 and 2268?
162
What is the greatest common factor of 56 and 3?
1
Calculate the greatest common divisor of 176 and 7952.
16
Calculate the highest common divisor of 980 and 56.
28
What is the highest common factor of 135 and 5?
5
Calculate the greatest common factor of 64 and 1600.
64
What is the greatest common factor of 924 and 756?
84
What is the highest common divisor of 1053 and 39?
39
Calculate the greatest common divisor of 13077 and 27.
9
What is the highest common divisor of 8 and 328?
8
What is the greatest common divisor of 11 and 2563?
11
Calculate the greatest common divisor of 336 and 1456.
112
What is the highest common factor of 95 and 114?
19
What is the highest common factor of 240 and 2688?
